3) is divided by 21.
20
Let w(y) = y**3 - 8*y**2 + 9*y - 74. Let x be w(5). Let s = -85 - -30. Let k = s - x. Calculate the remainder when k is divided by 17.
15
Let r = 2434 - 1518. What is the remainder when r is divided by 303?
7
Suppose -109*f - 140*f = -9*f - 4080. Suppose -3*x - 2*x = -2530. Let o = x + -356. What is the remainder when o is divided by f?
14
Let m be (-405)/(-20) - 1/4. Let i(p) = 2*p + 70. Let x be i(-28). Let h = x + m. What is the remainder when h is divided by 5?
4
Let m(j) = j**3 - 13*j**2 + 21*j - 50. Calculate the remainder when m(14) is divided by 86.
10
Suppose -3*o = 2*q - 21, -o - o = -q - 7. Suppose -4*p = o*m - 1862, -p = -m - 106 + 482. What is the remainder when m is divided by 47?
45
Suppose 2*b = -165 + 1. Let r = 59 - 98. Let k = r - b. Calculate the remainder when k is divided by 12.
7
Let l = -1677 + 1746. Calculate the remainder when 336 is divided by l.
60
Suppose -k + 8*d = 13*d - 358, -2*k = -d - 683. Calculate the remainder when k is divided by 70.
63
Let h be 0 + 6/2 + 2 + -6. Let t be 4 + h + (-15)/5 + -24. Calculate the remainder when 5804/16 - 3*2/t is divided by 61.
58
Let y be 17/10*-2*(-2 - 23). Suppose y = 36*v - 131. Let l = 1 - -43. Calculate the remainder when l is divided by v.
2
Suppose 0 = -4*o - 2*k + 1501 - 191, -1311 = -4*o - 3*k. Calculate the remainder when o is divided by 164.
163
Suppose -8*a - 3609 + 737 = 0. Let t = 364 + a. What is the remainder when 399 is divided by t?
4
Suppose -3*j + g + 60 = 0, -3*j + 20 + 52 = 3*g. What is the remainder when 754 is divided by j?
19
Suppose 5*d + 5*y = 2*d + 17, -2*d = 5*y - 13. Suppose -45 = 3*g - d*g - m, -2*m = 3*g - 135. What is the remainder when g is divided by 4?
1
Let b(j) = -j**2 + j + 1. Let o(h) = 5*h**2 - 7*h - 25. Let w(r) = -4*b(r) - o(r). What is the remainder when 272 is divided by w(0)?
20
Let b(f) = 84*f**3 + 4*f - 2. Suppose -10*r = -16*r + 6. Calculate the remainder when b(r) is divided by 15.
11
Suppose 18 = 3*c - 12. Let i(w) = 35*w + 160. Let k(t) = 7*t + 32. Let b(d) = -2*i(d) + 11*k(d). What is the remainder when b(c) is divided by 35?
32
Suppose 8806 - 4271 = 5*o. Calculate the remainder when o is divided by 179.
12
Let v = 41 - 66. Let o be (-3)/6 + 122/(-4). Let u = v - o. Calculate the remainder when 15 is divided by u.
3
Let g(h) = h**3 + 5*h**2 - 14*h - 34. Suppose -4*s + 14 = t, 33 = -5*t + 2*t + 3*s. Suppose -4*u + 125 = -27. Calculate the remainder when u is divided by g(t).
10
Let n(s) = 10*s - 31. Suppose 0 = -18*d + 6*d. Suppose d = 3*t - u - 24, 0*t = 3*t + 5*u - 6. What is the remainder when 231 is divided by n(t)?
36
Let h = 28923 + -28724. What is the remainder when 1178 is divided by h?
183
Let x(w) = 19*w + 174. Let y be x(-9). Calculate the remainder when -149*y*9/(-27) is divided by 10.
9
Let h be 5/(260/(-8)) + 2864/26. Suppose -o - h = o. Let c = 57 + o. Calculate the remainder when 19 is divided by c.
1
What is the remainder when 1185 is divided by (19/2 - 3)*13/104*464?
54
Suppose 74576 = 58*x + 105*x - 113526. Calculate the remainder when x is divided by 560.
34
Let u = 4750 + -4738. What is the remainder when u is divided by 3?
0
Calculate the remainder when ((-18)/(-4))/(6/8) + -12 + 492 is divided by 129.
99
Let a(h) = 5*h**3 - 17*h**2 - 40*h + 227. What is the remainder when a(8) is divided by 19?
11
Suppose 8*t - 8008 = -20*t. Let n = t + -232. What is the remainder when n is divided by 14?
12
Suppose 4*g - 19035 = -6*c + 11*c, -3*g - 2*c = -14259. What is the remainder when g is divided by 29?
28
Let z(d) = -117*d - 3. Calculate the remainder when z(-2) is divided by 453/(-1812) - 117/(-4).
28
Let n = -16930 + 17720. Calculate the remainder when n is divided by 3.
1
Let j(y) = 3*y**2 + 86*y + 84. Calculate the remainder when 1293 is divided by j(-34).
37
Let l be 26/(-156) + 1*67/6. Suppose -9*t = -l*t + 28. What is the remainder when 236 is divided by t?
12
Let q = 6753 + -5691. Calculate the remainder when q is divided by 41.
37
Let l(y) = 9*y - 1. Let n be l(1). Suppose 3*m - n*m + 80 = 0. Let k = -1697 - -1727. What is the remainder when k is divided by m?
14
Let y = -24 - -1310. Calculate the remainder when y is divided by 37.
28
Let l = -15378 - -15414. Calculate the remainder when 12309 is divided by l.
33
Let u(y) = -61*y - 4. What is the remainder when u(-8) is divided by 26?
16
Let x = -11 + 10. Let r be x*(10/5)/(-1). Let d(p) = p**3 - 2. What is the remainder when 16 is divided by d(r)?
4
Let l be 13 + 4/(-4)*4. Let z = 22 - l. Let p = 55 + z. What is the remainder when p is divided by 14?
12
Let y(n) = 5*n**2 + n - 2. Let g be y(4). Let s(k) = 33*k**3 - 3*k + 2. Let f be s(1). Let z = g - f. What is the remainder when z is divided by 17?
16
Let m be 2 - (47 + -3 + 1). Let p = m - -45. Suppose -3*h = -2*k + 26 + 35, -2*k + 76 = p*h. Calculate the remainder when 68 is divided by k.
33
Let a = -14534 + 16281. Calculate the remainder when 3498 is divided by a.
4
Let y(r) = 2*r**2 - 10*r + 8. Let w(p) = p**2 - p. Let b(m) = -w(m) + y(m). Let q be b(5). Calculate the remainder when (-4)/q*15 + 2 is divided by 1.
0
Suppose -149*a = -54*a - 10789 - 611. Calculate the remainder when 380 is divided by a.
20
Let s(m) = -7*m - 50. Let l be s(-8). Suppose -13*c + 7*c = l. What is the remainder when 3/(c - (-580)/568) is divided by 29?
26
Let y(c) = -2192*c - 16521. Calculate the remainder when y(-8) is divided by 11.
3
Let k = 71 - 49. Suppose -5*v - v + 450 = 0. What is the remainder when v is divided by k?
9
What is the remainder when 2374 is divided by ((-5 - 1)/((-63)/18))/((-1)/(-42))?
70
Let b = 869 + -389. Let u = 542 - b. Calculate the remainder when u is divided by 5.
2
Calculate the remainder when (-11 + 150/15)*(-6016)/4 is divided by 35.
34
Let t(j) = 2630*j - 9979. Calculate the remainder when t(4) is divided by 44.
13
Let a be ((-7)/(-14))/((-2)/1528). Let k = 411 + a. Calculate the remainder when 140 is divided by k.
24
Suppose 0 = -l - 0*l + 5. Suppose 5*p = 2*s - 18 - 1, -l*p + 65 = 5*s. What is the remainder when 4/((-20)/(-2050)*5) is divided by s?
10
Let l = -2 + 13. Suppose 4*b + 5 = -5*a, a + b - 4 = -2*a. Suppose 30 = a*w - p - 35, 3*w + p = 55. What is the remainder when w is divided by l?
9
Suppose 2*c - 194 = -4*h, 164 = 3*h - c + 11. What is the remainder when ((-99358)/(-329))/(0 + 0 - -2) is divided by h?
1
Let b(i) = -11*i + 153. Let q be b(14). What is the remainder when 12749/57 + q/(-3) is divided by 46?
40
Let s be ((-32)/24)/2*(6 - 3). Let k(z) = -4*z**3 - 3*z**2 - 11*z + 1. Suppose -2*d + 26 = -4. What is the remainder when k(s) is divided by d?
13
Let m = -8280 + 8332. Calculate the remainder when 5301 is divided by m.
49
Suppose -u - 18 = 4*y, -2*u - 3*y = 6 + 5. Suppose -5*x + 202 = u*z - 3*x, 0 = 3*x. What is the remainder when z is divided by 54?
47
Let p = -55 - -55. Let a = 23 - p. What is the remainder when 108 is divided by a?
16
Suppose 0 = 23*m - 30*m + 26*m - 1026. Calculate the remainder when 389 is divided by m.
11
Let r = 252 + -250. Suppose r*u + 8 = 0, -5*y = 2*u - 5*u - 32. What is the remainder when 5 is divided by y?
1
Let u = -98 - -106. Let g = u + 84. Calculate the remainder when g is divided by 19.
16
Suppose -t + 4 + 25 = 0. Let m = 69330 + -68870. Calculate the remainder when m is divided by t.
25
Let q(r) = 11*r + 9. Let n be q(1). Let s = -86 - n. Calculate the remainder when (-6)/(-21) + 9/(-42)*s is divided by 9.
5
Suppose 0 = 13*c - 0*c + 117. Calculate the remainder when 77 is divided by (-79)/(-5) + c/(-45).
13
Let q be 4/((1 + -4)*11/(-33)). Suppose -q*n - 3 = -5*n - 5*o, 4*n + 5*o = 12. Suppose 9*f + n*f = 132. What is the remainder when f is divided by 5?
1
Let q = -47 + 62. Suppose -q*i = -14*i - 11. Suppose -2*o - s = -18 + 6, s = 3*o - 23. Calculate the remainder when i is divided by o.
4
Suppose 0 = 2*x - 8, x + 1445 = -3*f + 3*x. Let t = f + 802. What is the remainder when t is divided by 47?
41
Let v be 32/(-12) - -3 - (-40)/15. Suppose -k - 29 = -y - 3*k, 5*y - 132 = v*k. What is the remainder when y is divided by 12?
3
Let m = -15 + 42. Suppose 89*b - 90*b + 448 = 5*y, 3*y = 3*b - 1470. What is the remainder when b is divided by m?
24
Suppose -4*t + 181 = 3*w, -5*t = -11*t - 12. Calculate the rema